{"id":4146,"date":"2011-12-31T17:41:06","date_gmt":"2011-12-31T16:41:06","guid":{"rendered":"http:\/\/belov.cz\/obec\/?page_id=4146"},"modified":"2026-05-13T08:42:50","modified_gmt":"2026-05-13T07:42:50","slug":"sdh-belov","status":"publish","type":"page","link":"https:\/\/belov.cz\/obec\/zivot-v-obci\/sdh-belov\/","title":{"rendered":"SDH B\u011blov"},"content":{"rendered":"\n<p>Hasi\u010dstvo je tak star\u00e9, jak lidstvo samo. Jakmile \u010dlov\u011bk poznal ohe\u0148, nau\u010dil se jej tak\u00e9 hasit.<\/p>\n\n\n\n<p>Podle sd\u011blen\u00ed star\u00fdch pam\u011btn\u00edk\u016f, bylo v minul\u00e9m stolet\u00ed v obci jak\u00e9si po\u017e\u00e1rn\u00ed za\u0159\u00edzen\u00ed. U zahrady domu \u010d\u00edslo 17 st\u00e1vala d\u0159ev\u011bn\u00e1 kolna, v n\u00ed\u017e byly um\u00edst\u011bny sudy na vodu, \u017eeb\u0159e a bourac\u00ed h\u00e1ky. Kdy\u017e zub \u010dasu kolnu zbo\u0159il, poztr\u00e1celo se i hasebn\u00ed n\u00e1\u0159ad\u00ed a o nov\u00e9 se \u017e\u00e1dn\u00fd nepostaral. Teprve kdy\u017e v roce 1925 vypukl ohe\u0148 u pana Fr. Ka\u0161\u00edka v \u010d\u00edsle 13 a str\u00e1vil celou, z velk\u00e9 \u010d\u00e1sti d\u0159ev\u011bnou stodolu, vid\u011blo se, jak nedostate\u010dn\u00e9 je h\u00e1jen\u00ed ohro\u017een\u00fdch budov dod\u00e1v\u00e1n\u00edm vody put\u00e9nkami \u0159et\u011bzem ob\u010dan\u016f. Tenkr\u00e1te se tak\u00e9 poznala v\u00fdhoda a d\u016fle\u017eitost hasi\u010dsk\u00e9ho sboru.<\/p>\n\n\n\n<p>Tehdy vznikla tak\u00e9 my\u0161lenka zalo\u017eiti v obci hasi\u010dsk\u00fd sbor. Na podn\u011bt obecn\u00edho zastupitelstva svol\u00e1na dne 21. \u00fanora 1925 sch\u016fze ob\u010dan\u016f, j\u00ed\u017e byl p\u0159\u00edtomen pan Fr. Hrab, starosta \u017eupy Krom\u011b\u0159\u00ed\u017esk\u00e9. Po zah\u00e1jen\u00ed sch\u016fze n\u00e1m\u011bstkem starosty panem Josefem Navr\u00e1tilem ujal se slova a osv\u011btlil d\u016fle\u017eitost hasi\u010dsk\u00e9ho sboru pro obec B\u011blov.<\/p>\n\n\n\n<p><strong>Web:<\/strong> <a rel=\"noreferrer noopener\" aria-label=\"SDH B\u011blov (otev\u0159e se na nov\u00e9 z\u00e1lo\u017ece)\" href=\"https:\/\/www.belov.cz\/sdh\/\" target=\"_blank\">SDH B\u011blov<\/a><\/p>\n","protected":false},"excerpt":{"rendered":"<p>Hasi\u010dstvo je tak star\u00e9, jak lidstvo samo. Jakmile \u010dlov\u011bk poznal ohe\u0148, nau\u010dil se jej tak\u00e9 hasit. Podle sd\u011blen\u00ed star\u00fdch pam\u011btn\u00edk\u016f, bylo v minul\u00e9m stolet\u00ed v obci jak\u00e9si po\u017e\u00e1rn\u00ed za\u0159\u00edzen\u00ed. U\u2026<\/p>\n","protected":false},"author":2,"featured_media":57772,"parent":35629,"menu_order":20,"comment_status":"open","ping_status":"open","template":"","meta":{"footnotes":""},"class_list":["post-4146","page","type-page","status-publish","has-post-thumbnail","hentry"],"_links":{"self":[{"href":"https:\/\/belov.cz\/obec\/wp-json\/wp\/v2\/pages\/4146","targetHints":{"allow":["GET"]}}],"collection":[{"href":"https:\/\/belov.cz\/obec\/wp-json\/wp\/v2\/pages"}],"about":[{"href":"https:\/\/belov.cz\/obec\/wp-json\/wp\/v2\/types\/page"}],"author":[{"embeddable":true,"href":"https:\/\/belov.cz\/obec\/wp-json\/wp\/v2\/users\/2"}],"replies":[{"embeddable":true,"href":"https:\/\/belov.cz\/obec\/wp-json\/wp\/v2\/comments?post=4146"}],"version-history":[{"count":9,"href":"https:\/\/belov.cz\/obec\/wp-json\/wp\/v2\/pages\/4146\/revisions"}],"predecessor-version":[{"id":44843,"href":"https:\/\/belov.cz\/obec\/wp-json\/wp\/v2\/pages\/4146\/revisions\/44843"}],"up":[{"embeddable":true,"href":"https:\/\/belov.cz\/obec\/wp-json\/wp\/v2\/pages\/35629"}],"wp:featuredmedia":[{"embeddable":true,"href":"https:\/\/belov.cz\/obec\/wp-json\/wp\/v2\/media\/57772"}],"wp:attachment":[{"href":"https:\/\/belov.cz\/obec\/wp-json\/wp\/v2\/media?parent=4146"}],"curies":[{"name":"wp","href":"https:\/\/api.w.org\/{rel}","templated":true}]}}