{"id":4152,"date":"2011-12-31T17:46:18","date_gmt":"2011-12-31T16:46:18","guid":{"rendered":"http:\/\/belov.cz\/obec\/?page_id=4152"},"modified":"2026-05-13T14:30:40","modified_gmt":"2026-05-13T13:30:40","slug":"cesky-svaz-zen","status":"publish","type":"page","link":"https:\/\/belov.cz\/obec\/zivot-v-obci\/cesky-svaz-zen\/","title":{"rendered":"\u010cesk\u00fd svaz \u017een"},"content":{"rendered":"\n<p>\u010cesk\u00fd svaz \u017een m\u00e1 v na\u0161\u00ed obci dlouholetou tradici. \u010cinnost ZO \u010cS\u017d byla znovu obnovena v roce 1977. Na za\u010d\u00e1tku bylo v organizaci 13 \u010dlenek.<\/p>\n\n\n\n<p>B\u011bhem 25 let aktivn\u00ed \u010dinnosti uspo\u0159\u00e1dal svaz mnoho zaj\u00edmav\u00fdch akc\u00ed jak pro d\u011bti tak pro dosp\u011bl\u00e9. Konaly se r\u016fzn\u00e9 besedy, v\u00fdstavy, kurzy jako nap\u0159.: drh\u00e1n\u00ed, aran\u017eov\u00e1n\u00ed kv\u011btin, studen\u00e1 kuchyn\u011b, pe\u010den\u00ed medov\u00e9ho pe\u010diva, stolov\u00e1n\u00ed, vy\u0161\u00edv\u00e1n\u00ed. Po\u0159\u00e1daly se tane\u010dn\u00ed z\u00e1bavy, z\u00e1jezdy do Zl\u00ednsk\u00e9ho divadla, v\u00fdlety pro d\u011bti na Lesnou, do Buchlova a Buchlovic, konala se ka\u017edoro\u010dn\u011b fotbalov\u00e1 kl\u00e1n\u00ed svobodn\u00e9 versus vdan\u00e9. Ka\u017ed\u00fd rok byl zorganizov\u00e1n D\u011btsk\u00fd den na kter\u00e9m byla v\u017edy velk\u00e1 \u00fa\u010dast jak d\u011bt\u00ed tak dosp\u011bl\u00fdch.<\/p>\n\n\n\n<p><strong>Odkaz:&nbsp;<\/strong><a href=\"https:\/\/belov.cz\/obec\/tag\/csz\/\">aktuality, p\u0159\u00edsp\u011bvky<\/a><\/p>\n","protected":false},"excerpt":{"rendered":"<p>\u010cesk\u00fd svaz \u017een m\u00e1 v na\u0161\u00ed obci dlouholetou tradici. \u010cinnost ZO \u010cS\u017d byla znovu obnovena v roce 1977. Na za\u010d\u00e1tku bylo v organizaci 13 \u010dlenek. B\u011bhem 25 let aktivn\u00ed \u010dinnosti\u2026<\/p>\n","protected":false},"author":2,"featured_media":57797,"parent":35629,"menu_order":5,"comment_status":"closed","ping_status":"closed","template":"","meta":{"footnotes":""},"class_list":["post-4152","page","type-page","status-publish","has-post-thumbnail","hentry"],"_links":{"self":[{"href":"https:\/\/belov.cz\/obec\/wp-json\/wp\/v2\/pages\/4152","targetHints":{"allow":["GET"]}}],"collection":[{"href":"https:\/\/belov.cz\/obec\/wp-json\/wp\/v2\/pages"}],"about":[{"href":"https:\/\/belov.cz\/obec\/wp-json\/wp\/v2\/types\/page"}],"author":[{"embeddable":true,"href":"https:\/\/belov.cz\/obec\/wp-json\/wp\/v2\/users\/2"}],"replies":[{"embeddable":true,"href":"https:\/\/belov.cz\/obec\/wp-json\/wp\/v2\/comments?post=4152"}],"version-history":[{"count":4,"href":"https:\/\/belov.cz\/obec\/wp-json\/wp\/v2\/pages\/4152\/revisions"}],"predecessor-version":[{"id":44864,"href":"https:\/\/belov.cz\/obec\/wp-json\/wp\/v2\/pages\/4152\/revisions\/44864"}],"up":[{"embeddable":true,"href":"https:\/\/belov.cz\/obec\/wp-json\/wp\/v2\/pages\/35629"}],"wp:featuredmedia":[{"embeddable":true,"href":"https:\/\/belov.cz\/obec\/wp-json\/wp\/v2\/media\/57797"}],"wp:attachment":[{"href":"https:\/\/belov.cz\/obec\/wp-json\/wp\/v2\/media?parent=4152"}],"curies":[{"name":"wp","href":"https:\/\/api.w.org\/{rel}","templated":true}]}}