{"id":46540,"date":"2022-01-31T18:49:21","date_gmt":"2022-01-31T17:49:21","guid":{"rendered":"https:\/\/belov.cz\/obec\/?page_id=46540"},"modified":"2022-02-01T10:10:36","modified_gmt":"2022-02-01T09:10:36","slug":"zvonice","status":"publish","type":"page","link":"https:\/\/belov.cz\/obec\/obec\/zvonice\/","title":{"rendered":"Zvonice"},"content":{"rendered":"\n<p>Neodmysliteln\u00fdm symbolem obce B\u011blov je zvonice neboli zvoni\u010dka. Ke stavb\u011b obecn\u00edch zvonic doch\u00e1zelo na z\u00e1klad\u011b tzv. \u201eoh\u0148ov\u00e9ho patentu\u201c, kter\u00fd byl vyd\u00e1n 21. 8. 1751, za vl\u00e1dy Marie Terezie. Jeliko\u017e vrchnost k&nbsp;jeho realizaci p\u0159istupovala liknav\u011b, c\u00edsa\u0159 Josef II., tento patent, 24. 1. 1787, je\u0161t\u011b ztvrdil. Samostatn\u00e9 zvoni\u010dky se stav\u011bly ve vs\u00edch, kter\u00e9 nem\u011bly kapli a kostel. Stav\u011bly se na vyv\u00fd\u0161en\u00fdch m\u00edstech, z r\u016fzn\u00e9ho materi\u00e1lu, li\u0161ily se teritori\u00e1ln\u011b i dobov\u011b, z\u00e1le\u017eelo i na majetkov\u00fdch pom\u011brech vrchnosti.<\/p>\n\n\n\n<p>B\u011blovsk\u00e1 zvonice je p\u0159edpisov\u00e1. Stoj\u00ed na n\u00e1vr\u0161\u00ed, je zd\u011bn\u00e1, kterou nechala pravd\u011bpodobn\u011b postavit podle zm\u00edn\u011bn\u00e9ho na\u0159\u00edzen\u00ed kvasick\u00e1 vrchnost v&nbsp;roce 1775, Franti\u0161ek Adam z&nbsp;Lamberka (1730-1803), za kter\u00e9ho se provdala Marie Anna z&nbsp;Rottala (1734-1795). Pudmistrem v B\u011blov\u011b byl v&nbsp;roce 1775 Fabi\u00e1n Br\u00e1zdil. Zvoni\u010dku mohl vysv\u011btit kvasick\u00fd far\u00e1\u0159 Mat\u011bj Moritz, kter\u00fd ve farnosti p\u016fsobil od roku 1734-1782.<\/p>\n\n\n\n<p>Zvonice byla postavena pro instalaci zvonu. Zvonilo se poledne, klek\u00e1n\u00ed (ve\u010dern\u00ed zvon\u011bn\u00ed), posledn\u00ed zvon\u011bn\u00ed &#8211; um\u00edr\u00e1\u010dek, a r\u016fzn\u00e1 sv\u00e1te\u010dn\u00ed a slavnostn\u00ed zvon\u011bn\u00ed. Tak\u00e9 se zvonilo p\u0159i \u017eiveln\u00fdch pohrom\u00e1ch, po\u017e\u00e1rech a bou\u0159k\u00e1ch, lid\u00e9 se domn\u00edvali, \u017ee zvon\u011bn\u00edm rozh\u00e1n\u00ed mraky, p\u0159i poplachu i vp\u00e1du nep\u0159\u00e1telsk\u00fdch vojsk. V\u0161echny zp\u016fsoby zvon\u011bn\u00ed se od sebe li\u0161ily, a tak mohli lid\u00e9 ve vsi poznat, o co se jedn\u00e1. Pro zvon\u00edka to byla odpov\u011bdn\u00e1 slu\u017eba, musel dodr\u017eovat \u010das i rytmus. P\u0159esto to byla \u010destn\u00e1 funkce a povinnost se mnohdy stala kon\u00ed\u010dkem. A d\u011bti tehdy znaly pojem polednice a klek\u00e1nice a m\u011bly p\u0159ed nimi respekt.<\/p>\n\n\n\n<p>napsala: Kv\u011bta Kout\u0148\u00e1kov\u00e1, 31.1.2022<\/p>\n","protected":false},"excerpt":{"rendered":"<p>Neodmysliteln\u00fdm symbolem obce B\u011blov je zvonice neboli zvoni\u010dka. Ke stavb\u011b obecn\u00edch zvonic doch\u00e1zelo na z\u00e1klad\u011b tzv. \u201eoh\u0148ov\u00e9ho patentu\u201c, kter\u00fd byl vyd\u00e1n 21. 8. 1751, za vl\u00e1dy Marie Terezie. Jeliko\u017e vrchnost\u2026<\/p>\n","protected":false},"author":2,"featured_media":41205,"parent":2031,"menu_order":50,"comment_status":"closed","ping_status":"closed","template":"","meta":{"footnotes":""},"class_list":["post-46540","page","type-page","status-publish","has-post-thumbnail","hentry"],"_links":{"self":[{"href":"https:\/\/belov.cz\/obec\/wp-json\/wp\/v2\/pages\/46540","targetHints":{"allow":["GET"]}}],"collection":[{"href":"https:\/\/belov.cz\/obec\/wp-json\/wp\/v2\/pages"}],"about":[{"href":"https:\/\/belov.cz\/obec\/wp-json\/wp\/v2\/types\/page"}],"author":[{"embeddable":true,"href":"https:\/\/belov.cz\/obec\/wp-json\/wp\/v2\/users\/2"}],"replies":[{"embeddable":true,"href":"https:\/\/belov.cz\/obec\/wp-json\/wp\/v2\/comments?post=46540"}],"version-history":[{"count":3,"href":"https:\/\/belov.cz\/obec\/wp-json\/wp\/v2\/pages\/46540\/revisions"}],"predecessor-version":[{"id":46549,"href":"https:\/\/belov.cz\/obec\/wp-json\/wp\/v2\/pages\/46540\/revisions\/46549"}],"up":[{"embeddable":true,"href":"https:\/\/belov.cz\/obec\/wp-json\/wp\/v2\/pages\/2031"}],"wp:featuredmedia":[{"embeddable":true,"href":"https:\/\/belov.cz\/obec\/wp-json\/wp\/v2\/media\/41205"}],"wp:attachment":[{"href":"https:\/\/belov.cz\/obec\/wp-json\/wp\/v2\/media?parent=46540"}],"curies":[{"name":"wp","href":"https:\/\/api.w.org\/{rel}","templated":true}]}}